 - 5*b = -70. What is the greatest common divisor of 238 and u?
17
Suppose -16 = -16*o + 12*o. What is the greatest common factor of o and 28?
4
Suppose -3 - 7 = -y. Let x be (-5)/(50/(-36))*y. Let c = 9 + 3. What is the greatest common factor of x and c?
12
Let g(f) = 1. Let y(m) = 4*m - 9. Let q(u) = 5*g(u) + y(u). Let s be q(7). What is the greatest common factor of s and 12?
12
Let s = -79 + 144. Calculate the greatest common divisor of 26 and s.
13
Let y = 26 - 12. Calculate the highest common divisor of y and 2.
2
Suppose -31 = -4*c + 5*f, c - 5*f + 4 = 23. Let j = -89 - -56. Let m = j + 53. What is the greatest common divisor of c and m?
4
Suppose -4*v + 30 = v. Suppose -2*f = u + 3, -u + 5*f + 8 + 10 = 0. Let h = 7 - u. What is the highest common divisor of h and v?
2
Suppose 2*p = -p - 4*r + 64, -3*p = 3*r - 63. Suppose 43 = 2*x + c, 0*x - 4*c + 80 = 4*x. Suppose 4*t + 3 = x. Calculate the highest common divisor of p and t.
5
Suppose -2*p + 126 = 4*p. Suppose 3*s + 28 = 5*s. What is the greatest common factor of s and p?
7
Suppose -2*d - 38 = -2*j, -10*j + d = -5*j - 83. Calculate the highest common factor of j and 12.
4
Let c be (1*18)/(4/2). Let n be (0 + -2 + 1)/(-1). Suppose -2*a + 1 = -n. Calculate the highest common factor of c and a.
1
Let k(c) = -c**3 + 11*c**2 - 8*c - 12. Suppose -3*h = -7*u + 2*u - 35, -u - 51 = -5*h. Let b be k(h). Calculate the greatest common factor of 32 and b.
8
Let n(j) = -j**2 + 26. Let v be n(0). Let k be (1/2)/(1/v). Let a = 21 - 8. Calculate the highest common factor of k and a.
13
Let q(z) = z + 7. Let g be q(-5). Let x = 3 + -7. Let o = -3 - x. Calculate the highest common factor of o and g.
1
Let t(i) = -i**3 + 5*i**2. Let u be t(5). Suppose 3*q = -u*q + 33. Suppose -63 = -5*x - 8. Calculate the highest common factor of x and q.
11
Let v be (-10)/8*(-2 + -2). What is the highest common divisor of 5 and v?
5
Suppose 4*z - 74 = 26. What is the greatest common factor of 25 and z?
25
Let d(k) = -6*k + 1. Let t be d(-2). Suppose -l + 5 = -t. Let z be (-6)/(-1) + (-204)/(-34). What is the highest common divisor of l and z?
6
Let x = 18 - -3. Let l = 0 - -20. Let t = l - -211. Calculate the greatest common factor of t and x.
21
Suppose -5*p - 2*l + 8 = 0, -3*p + 7*l - 4*l + 9 = 0. Suppose 500 = p*q + 3*q. What is the greatest common factor of 25 and q?
25
Let k be (2/(-3))/(5/(-285)). What is the greatest common divisor of 19 and k?
19
Let s(b) = b**3 + 8*b**2 + 4*b - 10. Let m be s(-7). Suppose -3*f = -3 - 3. Suppose -f*l = x - 85 + m, l = -3. Calculate the highest common factor of 16 and x.
16
Let k = 7 + -2. Suppose 2*u - h = 17, k*u + 10 = -5*h + 45. Suppose 3*b - 31 = u. What is the highest common factor of b and 13?
13
Suppose -7 = -3*a + 23. Let k(s) = -5*s + 4. Let p(y) = y + 1. Let l(c) = k(c) + 3*p(c). Let h be l(-9). Calculate the highest common factor of a and h.
5
Let p(f) = f**3 - 32*f**2 - 30*f - 55. Let l be p(33). What is the highest common divisor of 11 and l?
11
Suppose 4*n = 48 + 168. Calculate the highest common factor of 54 and n.
54
Let o(s) = 12*s - 13. Let m be o(3). Calculate the highest common factor of 23 and m.
23
Let n = -1 - 7. Let d be (-48)/(-5) - n/20. What is the highest common factor of d and 15?
5
Let c = -12 - -17. Suppose 4*o = -4*y + 300, -y + 0*y = c*o - 55. What is the highest common factor of 32 and y?
16
Let n be ((-50)/(-15))/((-1)/(-12)). Calculate the greatest common divisor of n and 8.
8
Suppose 0 = -4*p + 2 + 6. Suppose -p*g - 40 = 4*q - 5*q, -2*g + 24 = q. Suppose 0 = -3*b - 2*b + 40. Calculate the greatest common divisor of b and q.
8
Suppose 0 = -4*u - 2*g + 6, 5*u - 3*g - 8 = 16. Let r = 12 + u. Calculate the greatest common divisor of r and 105.
15
Let t(h) = -h**3 - 3*h**2 + 3*h + 12. Let m be t(-3). Calculate the highest common divisor of 3 and m.
3
Suppose 2*t + 0 - 2 = 0. Calculate the highest common divisor of t and 7.
1
Let c(b) = b - 14. Let f be c(0). Let x be (-1 - f) + 8 + -8. Calculate the greatest common factor of x and 130.
13
Let h(v) = -v + 3. Let w be h(9). Let x be w/(-4)*132/18. What is the greatest common divisor of 55 and x?
11
Let q = 34 + -29. What is the greatest common divisor of q and 20?
5
Let b(j) be the second derivative of -j**3/6 + j**2/2 - j. Let g be b(1). Suppose 7*p - 5*p - 240 = g. Calculate the greatest common factor of 15 and p.
15
Let v = 45 - 27. Calculate the highest common divisor of 9 and v.
9
Let g be (2/3)/(-2*5/(-15)). What is the highest common factor of 8 and g?
1
Let t = 77 - 53. Suppose 4*i - i - 36 = 0. Calculate the highest common divisor of t and i.
12
Suppose 2*v + 11 = 51. What is the greatest common factor of v and 16?
4
Let h(t) = -8*t - 14. Let n be h(-11). Suppose 5*u = 6 + n. Suppose 2*x = x + 8. What is the greatest common divisor of u and x?
8
Suppose 5*u = -2*w - 13 + 33, 0 = -2*w - 10. Let q = 2 + -4. Let j be (3/u)/(q/(-432)). What is the greatest common divisor of 12 and j?
12
Suppose -8*b = -27 + 3. What is the highest common divisor of 36 and b?
3
Let t be (-1 - (-11 + 0)) + 0 + 2. What is the highest common divisor of 12 and t?
12
Suppose -3*u - 4 = -10. Calculate the greatest common factor of u and 2.
2
Let i be 12/7*(-70)/(-20). Suppose -175 = -i*o + o. Calculate the greatest common factor of o and 7.
7
Suppose -41 = -4*n - 33. What is the highest common divisor of 2 and n?
2
Suppose -2*f - 24 = -3*y - 0*f, -y = 3*f - 19. What is the highest common divisor of y and 10?
10
Suppose y + 1 = 15. Suppose -y = 2*s - 104. What is the greatest common factor of 18 and s?
9
Suppose -2*d + 53 = -d. Suppose -d = -4*l + 343. Let t = l + -57. Calculate the greatest common divisor of 6 and t.
6
Suppose 2*d + 0*d = -o, 4*d + 6 = o. Suppose -5*g = -4*p + 53, -o*g - 11 = -4*p + 39. What is the highest common divisor of 30 and p?
6
Let z be (-2)/(6/3 - 3). Suppose z*o = -o + 288. What is the greatest common divisor of o and 16?
16
Suppose -20 - 16 = 3*z. Let t be (z/4 - -1) + 74. What is the highest common divisor of 18 and t?
18
Suppose -29 = -n + 70. What is the highest common factor of n and 9?
9
Let n(w) = -w**3 + 4*w**2 + 11. Let p be n(4). Let d(h) = -15*h - 5. Let j be d(-4). Calculate the highest common divisor of p and j.
11
Suppose 2*l = -s + 9, 2*l - 22 = 2*s - 2*l. Let x = s - -4. Suppose 5*h = -10, 0 = x*d - 3*h + 2*h - 149. What is the greatest common divisor of 7 and d?
7
Let v(n) = n**3 + 5*n**2 + n - 1. Suppose 7 = -4*r - 5. Let y be v(r). Let t = 199 - 73. What is the greatest common factor of y and t?
14
Let i be 0*(2 - (2 + 1)). Let p be (-3 - -2)*-48 - i. Calculate the greatest common factor of p and 24.
24
Suppose 0 = -2*r + 6, -3*g = -8*g - 2*r + 31. Calculate the greatest common factor of g and 40.
5
Suppose 5*o - r - 239 - 37 = 0, 2*o - 4*r - 114 = 0. Calculate the greatest common factor of 11 and o.
11
Let m(n) = n + 9 - 2 - 2. Let p be m(-5). Suppose 2*t - 112 = -p*t. What is the greatest common divisor of t and 14?
14
Let k(m) = 3*m**2 - 6*m - 5. Let n be k(4). Let c be (-4)/6 - (-118)/6. Calculate the greatest common divisor of c and n.
19
Suppose 0*k = -k - 4. Let x(s) = 1 + 5*s**2 + 4*s - 4*s**2 + 0. Let g be x(k). What is the highest common divisor of g and 9?
1
Let o be (-18)/(-4) - 25/(-10). Calculate the greatest common divisor of 133 and o.
7
Let h(w) be the second derivative of 0*w**3 + 5/12*w**4 + 1/2*w**2 - 2*w + 0. Let r be h(1). What is the greatest common factor of 24 and r?
6
Suppose -678 = -4*w + 158. What is the greatest common divisor of w and 19?
19
Suppose -g - 4 = 0, -2*j + 5*g + 30 = -0*j. Suppose 2 = b, -5*k + 3*k - 4*b = -20. Let t = 14 + k. What is the highest common factor of j and t?
5
Let k(o) = o**2 + 4*o + 1. Let a be k(-3). Let x = 2 - a. Suppose -19 - 1 = -5*h - 2*l, x*h - 16 = -l. Calculate the greatest common factor of 8 and h.
4
Let l(s) = 6*s**2 + 7*s - 5. Let d be l(-3). What is the highest common divisor of 70 and d?
14
Suppose 0 = 2*t - 4*j + 10, -2*t - 35 = -7*t - 5*j. Calculate the greatest common factor of t and 2.
1
Let b be (-1 - -4)/3*12. Let l be (-160)/(-9) - (-6)/27. What is the greatest common factor of l and b?
6
Let p be (1/(-3))/((-4)/12). Calculate the greatest common factor of 8 and p.
1
Let g(r) = -60*r. Let j be